{"id":886,"date":"2021-12-30T08:23:11","date_gmt":"2021-12-30T08:23:11","guid":{"rendered":"https:\/\/roskopf.de\/?page_id=886"},"modified":"2021-12-30T08:23:11","modified_gmt":"2021-12-30T08:23:11","slug":"tabs-videos-ode-an-die-freude","status":"publish","type":"page","link":"https:\/\/roskopf.de\/?page_id=886","title":{"rendered":"Tabs-Videos &#8211; Ode an die Freude"},"content":{"rendered":"\n<figure class=\"wp-block-embed is-type-video is-provider-youtube wp-block-embed-youtube wp-embed-aspect-16-9 wp-has-aspect-ratio\"><div class=\"wp-block-embed__wrapper\">\n<iframe loading=\"lazy\" title=\"Achim Roskopf - Ukulele Tutorial - Ode an die Freude\" width=\"540\" height=\"304\" src=\"https:\/\/www.youtube.com\/embed\/Bv-q8an2jLY?feature=oembed\" frameborder=\"0\" allow=\"accelerometer; autoplay; clipboard-write; encrypted-media; gyroscope; picture-in-picture; web-share\" referrerpolicy=\"strict-origin-when-cross-origin\" allowfullscreen><\/iframe>\n<\/div><\/figure>\n\n\n\n<div class=\"sdm_download_button_box_default\"><div class=\"sdm_download_link\"><a href=\"https:\/\/roskopf.de\/?sdm_process_download=1&download_id=890\" class=\"sdm_download teal\" title=\"Tabs-OdeAnDieFreude\" target=&quot;_blank&quot;>Jetzt herunterladen!<\/a><\/div><\/div>\n\n\n\n<div class=\"sdm_download_count\"><span class=\"sdm_count_number\">248<\/span><span class=\"sdm_count_string\"> Downloads<\/span><\/div>\n\n\n\n<p><\/p>\n\n\n\n<p>Es w\u00e4re sehr sch\u00f6n, wenn Du Dich bei meinem Newsletter anmelden w\u00fcrdest. Dann kann ich dich informieren, wenn es Neuigkeiten gibt. Danke vorab. <\/p>\n\n\n\n<p><a href=\"https:\/\/roskopf.de\/?page_id=30\" data-type=\"page\" data-id=\"30\">Newsletter<\/a><\/p>\n","protected":false},"excerpt":{"rendered":"<p>Es w\u00e4re sehr sch\u00f6n, wenn Du Dich bei meinem Newsletter anmelden w\u00fcrdest. Dann kann ich dich informieren, wenn es Neuigkeiten gibt. Danke vorab. Newsletter<\/p>\n","protected":false},"author":1,"featured_media":0,"parent":0,"menu_order":0,"comment_status":"closed","ping_status":"closed","template":"","meta":{"pgc_sgb_lightbox_settings":"","footnotes":""},"class_list":["post-886","page","type-page","status-publish","hentry"],"_links":{"self":[{"href":"https:\/\/roskopf.de\/index.php?rest_route=\/wp\/v2\/pages\/886","targetHints":{"allow":["GET"]}}],"collection":[{"href":"https:\/\/roskopf.de\/index.php?rest_route=\/wp\/v2\/pages"}],"about":[{"href":"https:\/\/roskopf.de\/index.php?rest_route=\/wp\/v2\/types\/page"}],"author":[{"embeddable":true,"href":"https:\/\/roskopf.de\/index.php?rest_route=\/wp\/v2\/users\/1"}],"replies":[{"embeddable":true,"href":"https:\/\/roskopf.de\/index.php?rest_route=%2Fwp%2Fv2%2Fcomments&post=886"}],"version-history":[{"count":2,"href":"https:\/\/roskopf.de\/index.php?rest_route=\/wp\/v2\/pages\/886\/revisions"}],"predecessor-version":[{"id":891,"href":"https:\/\/roskopf.de\/index.php?rest_route=\/wp\/v2\/pages\/886\/revisions\/891"}],"wp:attachment":[{"href":"https:\/\/roskopf.de\/index.php?rest_route=%2Fwp%2Fv2%2Fmedia&parent=886"}],"curies":[{"name":"wp","href":"https:\/\/api.w.org\/{rel}","templated":true}]}}