{"id":1133,"date":"2023-03-14T09:54:44","date_gmt":"2023-03-14T09:54:44","guid":{"rendered":"https:\/\/roskopf.de\/?page_id=1133"},"modified":"2023-06-26T08:07:07","modified_gmt":"2023-06-26T08:07:07","slug":"rolling-stones-club-aachen-stolberg","status":"publish","type":"page","link":"https:\/\/roskopf.de\/?page_id=1133","title":{"rendered":"Rolling Stones Club Aachen-Stolberg"},"content":{"rendered":"\n<p><\/p>\n\n\n\n<figure class=\"wp-block-image size-full is-resized\"><a href=\"https:\/\/www.stones-club-aachen.com\/\" target=\"_blank\" rel=\"noreferrer noopener\"><img loading=\"lazy\" decoding=\"async\" src=\"https:\/\/roskopf.de\/wp-content\/uploads\/2022\/11\/Clubzunge3neu-2-1.jpg\" alt=\"\" class=\"wp-image-991\" width=\"166\" height=\"183\" srcset=\"https:\/\/roskopf.de\/wp-content\/uploads\/2022\/11\/Clubzunge3neu-2-1.jpg 436w, https:\/\/roskopf.de\/wp-content\/uploads\/2022\/11\/Clubzunge3neu-2-1-273x300.jpg 273w\" sizes=\"auto, (max-width: 166px) 100vw, 166px\" \/><\/a><\/figure>\n\n\n\n<p>Seit November 2022 bin ich Mitglied im Stones Club.<\/p>\n\n\n\n<p>Zuf\u00e4llig war ich im Burtscheider Restaurant &#8222;Sorglos&#8220; als die Mitglieder dort einen Event hatten. Wir kamen ins Gespr\u00e4ch und haben uns musikalisch ausgetauscht.<\/p>\n\n\n\n<p>Dann hat es sich ergeben, dass ich am 29.03.2023 ein Konzert dort im &#8222;Sorglos&#8220; machen werde. Darauf freue ich mich schon jetzt sehr und werde auch 2 S\u00e4nger zur Unterst\u00fctzung mitbringen.<\/p>\n\n\n\n<p>Ich m\u00f6chte mich sehr bei Manni Engelhardt, dem Stones Club Manager f\u00fcr sein Engagement und die Unterst\u00fctzung meiner Musik im Club bedanken.<\/p>\n\n\n\n<p><a href=\"https:\/\/roskopf.de\/?page_id=1174\">29.02.2023 Event im Sorglos<\/a><\/p>\n\n\n\n<p><a href=\"https:\/\/roskopf.de\/?page_id=1212\" target=\"_blank\" rel=\"noreferrer noopener\">25.06.2023 Event im Kessel<\/a><\/p>\n\n\n\n<p><\/p>\n","protected":false},"excerpt":{"rendered":"<p>Seit November 2022 bin ich Mitglied im Stones Club. Zuf\u00e4llig war ich im Burtscheider Restaurant &#8222;Sorglos&#8220; als die Mitglieder dort einen Event hatten. Wir kamen ins Gespr\u00e4ch und haben uns musikalisch ausgetauscht. Dann hat es sich ergeben, dass ich am <a class=\"more-link\" href=\"https:\/\/roskopf.de\/?page_id=1133\">weiterlesen&#8230;<\/a><\/p>\n","protected":false},"author":1,"featured_media":0,"parent":0,"menu_order":0,"comment_status":"closed","ping_status":"closed","template":"","meta":{"pgc_sgb_lightbox_settings":"","footnotes":""},"class_list":["post-1133","page","type-page","status-publish","hentry"],"_links":{"self":[{"href":"https:\/\/roskopf.de\/index.php?rest_route=\/wp\/v2\/pages\/1133","targetHints":{"allow":["GET"]}}],"collection":[{"href":"https:\/\/roskopf.de\/index.php?rest_route=\/wp\/v2\/pages"}],"about":[{"href":"https:\/\/roskopf.de\/index.php?rest_route=\/wp\/v2\/types\/page"}],"author":[{"embeddable":true,"href":"https:\/\/roskopf.de\/index.php?rest_route=\/wp\/v2\/users\/1"}],"replies":[{"embeddable":true,"href":"https:\/\/roskopf.de\/index.php?rest_route=%2Fwp%2Fv2%2Fcomments&post=1133"}],"version-history":[{"count":11,"href":"https:\/\/roskopf.de\/index.php?rest_route=\/wp\/v2\/pages\/1133\/revisions"}],"predecessor-version":[{"id":1216,"href":"https:\/\/roskopf.de\/index.php?rest_route=\/wp\/v2\/pages\/1133\/revisions\/1216"}],"wp:attachment":[{"href":"https:\/\/roskopf.de\/index.php?rest_route=%2Fwp%2Fv2%2Fmedia&parent=1133"}],"curies":[{"name":"wp","href":"https:\/\/api.w.org\/{rel}","templated":true}]}}